ative of 31*i**4/12 - i**2/2 - 2*i. Let o be w(-1). Suppose 0 = o*d - 29*d - 4. What is the units digit of d?
4
Suppose -33 = -4*j - 0*j - 5*g, -3*j - 5*g + 26 = 0. Suppose 2*v = j*v - 120. What is the tens digit of v?
2
Let q = 50 - 24. What is the units digit of q?
6
Let n = 5621 - 2883. What is the tens digit of n?
3
Let q(j) = -10*j - 13. Let v be 105/(-14)*2/3. Let i(l) = 19*l + 25. Let y(p) = v*q(p) - 2*i(p). What is the tens digit of y(5)?
7
Let r be 0 + 0 - (-161 + 10). Suppose -3*m + 511 = r. What is the units digit of m?
0
Suppose -310 = 4*i + 6*i. Let z = 76 + i. What is the tens digit of z?
4
What is the units digit of 4/7*((-16219)/(-14) - 0)?
2
Suppose -5*k + 5*r + 8030 = 0, 33*r - 34*r = -5*k + 8050. What is the thousands digit of k?
1
Let h(u) = -6*u. Let p be h(-1). What is the tens digit of 242/p + (-22)/(-33)?
4
Suppose 4*a - t = 19 - 3, t = 2*a - 8. Suppose 0 = 5*y - 0*y + 3*p - 263, -a*p - 256 = -5*y. What is the units digit of y?
2
Suppose -3*o = 2*o - 500. Suppose 0 = -3*g - 2*g + o. Suppose 0 = -4*x + 12 + g. What is the units digit of x?
8
Suppose -2*x - 4*y + 16 = 0, 2*y - 2 = 6*x - 4*x. Let k be (-1)/5 + 21/5. What is the units digit of (x/k)/(13/1092)?
2
What is the thousands digit of 6/21 - (-3)/((-21)/(-13172))?
1
Let o be 80/15 + 1/(-3). Let f(b) = 4*b**2 - 11*b - 5. Let c be f(o). What is the units digit of 41/5 - 8/c?
8
Let g(n) = 281*n - 17. What is the tens digit of g(3)?
2
Let y(o) = 5*o**2 - 1. Let i be y(1). Suppose -r = -5*t - 24, -11 - 5 = i*t. What is the units digit of 10*(14/r - 1)?
5
Let c(b) = b**2 - 5*b + 3. Let o be c(4). Let n be o/(-4) + 22/8. Suppose n*m - 2*m - 14 = 0. What is the tens digit of m?
1
Let l(w) = 30*w**2 + w - 2. Let k be l(-4). Suppose 18*z = 210 + k. What is the units digit of z?
8
Let d be (-1 + -7)*1/(-2). Let a be ((-685)/15 + d)*-3. Suppose -2*m - x = m - a, 4*x + 145 = 3*m. What is the tens digit of m?
4
Suppose -1991 - 604 = -5*b + 4*v, 2*v = 0. What is the units digit of b?
9
Let g be (-1 - 2/(-4))*-6. Suppose -5*y = -9*y. Suppose 0 = -y*k - k + g. What is the units digit of k?
3
Suppose -2189 = -7*s + 282. What is the tens digit of s?
5
Let f be (-64)/(-24)*9/6. Let d be (-4 + 9)*(-8)/(-10). Suppose -5*u = -g - f*u + 62, -116 = -2*g + d*u. What is the tens digit of g?
6
Let o(m) = 864*m + 415. What is the units digit of o(6)?
9
Let v(h) = 2*h**2 + 5*h + 33. What is the tens digit of v(-9)?
5
Let y(q) = q**2 - q + 5. Let w = -19 + 33. Suppose 3*g - g - w = 0. What is the tens digit of y(g)?
4
Suppose -5*k - 14 = -3*q, -q + 0*k = -2*k - 5. What is the tens digit of 41/1 + q + -3?
4
What is the hundreds digit of (1200/(-84))/(8/(-644))?
1
Suppose 13 = 3*q - 5. Suppose -4*c + 16 = -3*l, 0 = -2*c + l + q. Let m(s) = 19*s**3 - s**2 - s + 1. What is the tens digit of m(c)?
1
Let o(v) = 7*v**3 - 16*v**2 + 16*v - 1. What is the units digit of o(5)?
4
Let s be (-35)/(-10) - 1/2. Suppose s*a - 176 = -w, 0 = 5*a + 3*w - 201 - 87. What is the tens digit of a?
6
Let f = 25 - 17. What is the units digit of 4/(f/107)*2?
7
Let c be (-916)/2*(-1)/2. Let i = 426 - c. What is the units digit of i?
7
Let u = 4808 + -3416. What is the tens digit of u?
9
Suppose 26*j + 9*j = 16870. What is the units digit of j?
2
Suppose 139*d - 129*d - 12340 = 0. What is the hundreds digit of d?
2
Suppose 0*s + 6 = 3*s. Suppose 3*w = 3*f - 1 + 7, -5*w - 11 = s*f. What is the tens digit of (14/(-4))/(f/12)?
1
Suppose 4*z - 90 = 90. Suppose 5*w = 4*w + z. What is the units digit of w?
5
Let h = -205 - -391. What is the tens digit of h?
8
What is the tens digit of 7254/16*2 - 14/(-56)?
0
What is the tens digit of ((-19)/((-190)/20))/(2/666)?
6
Let r = 30 + -39. What is the tens digit of r + 55 - (1 - -1)?
4
Let l(y) = -4*y + 553. What is the tens digit of l(0)?
5
Let x = 547 - 332. What is the tens digit of x?
1
Let j = -586 + 1890. What is the units digit of j?
4
Suppose 0 = 3*s - 0*s. Suppose -5*b = -s*b. Suppose 11 = -g + 4*x, -3*x - 30 = -5*g - b*x. What is the units digit of g?
9
Suppose 15160 = -287*h + 295*h. What is the thousands digit of h?
1
Suppose -101*h - 5528 = -105*h. What is the hundreds digit of h?
3
Suppose -5*h = -4*a + 45, -2*a = 2*a - 3*h - 35. Suppose -a*k + 254 = -i - 0*i, 156 = 3*k + 3*i. What is the units digit of k?
1
Let x = -4 + 8. Let m be (-39)/(-9) + x/6. Suppose 0 = 5*h - 20, m*w + 2*h - 27 = 66. What is the tens digit of w?
1
Suppose -7*u + 36 = -5*u. What is the tens digit of -38*(-141)/u - (-12)/(-18)?
9
Suppose 2*t - 2*w - 5325 + 885 = 0, -3*t + 6667 = 4*w. What is the tens digit of t?
2
Let f be 8/(-36) - (-38)/9. Suppose -f*s - 2 = 14, p - 129 = -s. What is the units digit of p?
3
Let b be (4 + -8)/(3/72). Let o = b + 170. What is the units digit of o?
4
Suppose 47*i - 52*i + 25 = 0. Suppose q - 196 = 4*x, 0*q - 2*x = i*q - 1024. What is the units digit of q?
4
Let z(l) = -l**3 + 7*l**2 + 5*l + 9. Let n be z(8). Let u = 33 + n. What is the units digit of 3/(-6)*u*-1?
9
Let d = -5 - -30. Suppose 2*a + 3*a = d. Let l(n) = -n**2 + 9*n + 9. What is the tens digit of l(a)?
2
Suppose 0 = 2*y - 5*y - 4*d - 8, -2*y + d + 2 = 0. Let h = 129 + y. Suppose -4*f + h = -51. What is the tens digit of f?
4
Suppose 5 = 5*u, -2*x + 3*u - 9 + 0 = 0. What is the hundreds digit of (2 - x*39)*(-2)/(-2)?
1
Let b = -28 + 30. Suppose -83 = -5*z + b*z + 2*t, 0 = 2*z + 3*t - 77. Let r = z - -12. What is the units digit of r?
3
Suppose -46*m - 2493 = -13395. What is the tens digit of m?
3
Suppose 4*s + 3*x = 1381, -4*x + 9*x = s - 328. What is the hundreds digit of s?
3
What is the hundreds digit of (2559/(-9))/(8/(-48)) - -1?
7
Suppose 3691 = 3*y + 2*c, -21*c + 4914 = 4*y - 22*c. What is the hundreds digit of y?
2
Let f be 6/4*(-3)/(12/(-8)). Let i(m) = 19*m**2 - m - 2. What is the tens digit of i(f)?
6
Let q(g) = -g**3 - 12*g**2 + g + 131. What is the tens digit of q(-20)?
1
Suppose 0 = m + 3*m. Let x be (-40)/(-6)*2925/60. Suppose m = -2*d + 7*d - x. What is the units digit of d?
5
Suppose 3*j + 4*d = 4*j - 694, 2*j + 5*d - 1323 = 0. What is the hundreds digit of j?
6
Suppose -255*u = -248*u - 1673. What is the hundreds digit of u?
2
Suppose -3*s - 7*w = -9*w - 1375, 5*s = -w + 2283. What is the hundreds digit of s?
4
Let f(a) = a**3 - 8*a**2 + 7*a + 2. Let x be f(7). Suppose o - 5*n + 7 = 0, 0 = -x*o + o - 3*n + 17. Suppose 150 = o*r - 3*r. What is the units digit of r?
0
Let b(l) = 1708*l**2 + 4*l + 8. What is the tens digit of b(-1)?
1
Let s(r) = -r**3 - 10*r**2 - 12*r - 10. Let w be (-3)/(-3 + (-10)/(-3)). Let c be 0 - (-1 - -1 - w). What is the units digit of s(c)?
7
Let h = 63 - 13. Suppose -x = 5*q - h, 0 = -2*x - q + 97 - 15. What is the tens digit of x?
4
Let h(d) = -13*d + 15. Let k be h(-7). Suppose 0 = -3*q + 4*q - k. What is the hundreds digit of q?
1
Let q be (4 + 0)/4*-4. What is the units digit of (2 - 4)/(q/126)?
3
Let q(i) = i**3 + 4*i**2 + 2*i + 6. Let d be q(-4). Let z be 148*-3*d/12. Suppose -84 = -4*v - 2*l, 0*v + 4*l + z = 3*v. What is the units digit of v?
2
Suppose r = 2*u + 203 + 822, 2032 = 2*r + 2*u. What is the thousands digit of r?
1
Suppose 0*r + 241 = r. What is the hundreds digit of r?
2
Suppose 10*n = 7*n + 6, 4*f + 3*n - 1866 = 0. What is the units digit of f?
5
Let l(o) = 21*o - 1. Let p be l(8). Suppose -f + 50 = -y, -4*f + 2*y = -p - 35. Suppose 33 = 3*q - f. What is the tens digit of q?
2
Suppose -b - 4*i = -0*b - 4, -i = 0. Suppose 392 = 4*n - b*p, 5*n - 4*p + 161 - 653 = 0. What is the hundreds digit of n?
1
What is the tens digit of ((-442)/(-51))/(-2*2/(-738))?
9
Let t = 70 - -91. What is the tens digit of t?
6
Let u(t) be the second derivative of t**4/6 - 5*t**3/6 - 8*t**2 - 5*t. What is the units digit of u(8)?
2
Suppose -4*d = -i + 11, 2*i - 6*i - 8 = -3*d. Let b = 56 - i. What is the units digit of b?
1
Let g be (-1)/((-8)/(-4) - 1). Let u = -5 - g. What is the tens digit of 304/22 + u/(-22)?
1
Suppose -6218 = -4*s + 5*d, -5*s + d = -8053 + 291. What is the thousands digit of s?
1
What is the hundreds digit of -2*(-125 - 18/3)?
2
Let n(q) = -94*q - 44. What is the tens digit of n(-5)?
2
Let o(y) be the third derivative of 0 + 0*y - 1/60*y**5 + 0*y**4 - 4*y**2 + 11/3*y**3. What is the tens digit of o(0)?
2
Suppose 0 = -3*w + 5*y - 25 + 28, -w - 3*y